 - -3?
3249300
In base 11, what is 17a + 9049?
9218
In base 4, what is 1202 + -2301231010?
-2301223202
In base 2, what is -111011011010011100 + -1101010?
-111011011100000110
In base 8, what is 30 + 323421?
323451
In base 2, what is 0 + -111101011000010111?
-111101011000010111
In base 2, what is 11100000010 - 1111100?
11010000110
In base 11, what is -1 + 62a75a97?
62a75a96
In base 5, what is -424204302214 + -12?
-424204302231
In base 15, what is 68 - -1be07?
1be70
In base 14, what is -119 - 128d9?
-12a14
In base 6, what is -113133 - -225244?
112111
In base 13, what is 1a8126 + -26?
1a8100
In base 9, what is -101623 + 6?
-101616
In base 13, what is 534004bb - 6?
534004b5
In base 5, what is -1420 + -3334244?
-3341214
In base 4, what is -231 + 1020002101?
1020001210
In base 13, what is 136 - 165b09?
-1659a3
In base 5, what is -413244204103 - 0?
-413244204103
In base 11, what is -8602 + -219?
-8820
In base 11, what is 121700a7 - 4?
121700a3
In base 15, what is 4 - -1043e5?
1043e9
In base 2, what is -101011 + -10000011000100110000?
-10000011000101011011
In base 4, what is -12 + 1121230213?
1121230201
In base 8, what is 3 - -51070701?
51070704
In base 3, what is 110221202112 - 11?
110221202101
In base 3, what is -11 - 10212021200221?
-10212021201002
In base 2, what is -11001111 - 1001111010110100011?
-1001111011001110010
In base 15, what is -84c9c + -56?
-84d03
In base 9, what is -21168314 - 3?
-21168317
In base 4, what is 332221010 + -22132?
332132212
In base 14, what is 2 + -27025cd?
-27025cb
In base 2, what is -10011010100011000000111 - 10001?
-10011010100011000011000
In base 13, what is 477b - 114?
4667
In base 10, what is 153375 + -78?
153297
In base 16, what is -69 + -14d595?
-14d5fe
In base 16, what is -33d7d - 33?
-33db0
In base 7, what is -226 - 11425044?
-11425303
In base 2, what is 11000100111100100 - 1100111100?
11000011010101000
In base 14, what is 237ba1 - -4?
237ba5
In base 7, what is 2 + 5330240?
5330242
In base 4, what is 10 - 1030213311?
-1030213301
In base 2, what is 11000110011111101011101 + 100011?
11000110011111110000000
In base 13, what is 8280c455 + -3?
8280c452
In base 16, what is -3 + 2a48cb?
2a48c8
In base 10, what is 5447822 + 56?
5447878
In base 15, what is 1dc635 + c7?
1dc70c
In base 15, what is -5 - 30c44d?
-30c453
In base 6, what is -2131221313 - -5?
-2131221304
In base 14, what is 46c - -8569?
89d7
In base 2, what is 1011 + -111111100010111000111?
-111111100010110111100
In base 8, what is -1477626463 + 0?
-1477626463
In base 3, what is 2100200 + 20202201?
100010101
In base 15, what is 0 + -1244bbe?
-1244bbe
In base 13, what is 2c9 - -2300?
25c9
In base 2, what is 100101010001001001011001 - 10?
100101010001001001010111
In base 16, what is -5 - 106024?
-106029
In base 9, what is 301 - -3700306?
3700607
In base 10, what is -586 - -94686?
94100
In base 6, what is 243 + 1010502244?
1010502531
In base 5, what is -24422 - -2301411?
2221434
In base 13, what is 15c6 + -56c?
1057
In base 14, what is 474 - b70?
-6da
In base 14, what is -4538d - -482?
-44d0b
In base 5, what is 14130410 - -323?
14131233
In base 11, what is 199175 - 1?
199174
In base 4, what is 1030 + 102312132?
102313222
In base 16, what is -4 + 121cb7?
121cb3
In base 15, what is 571 - -3d503?
3da74
In base 7, what is 114131320 + -5?
114131312
In base 4, what is -10320312 - 1123?
-10322101
In base 4, what is -3 + -2000211130?
-2000211133
In base 9, what is 36642852 - -2?
36642854
In base 7, what is -5164100 + -3?
-5164103
In base 2, what is 10001001110000000111001010 + -100?
10001001110000000111000110
In base 12, what is 101aa + 648?
10836
In base 5, what is 31 + -1044144?
-1044113
In base 8, what is 6660 - -6037?
14717
In base 4, what is 20 - 221321221213?
-221321221133
In base 4, what is 32232302002 + 1?
32232302003
In base 3, what is 112110222001 - 21?
112110221210
In base 8, what is -373 + 3513407?
3513014
In base 14, what is 333aa43 + -4?
333aa3d
In base 10, what is 655323 + 17?
655340
In base 3, what is 12122020021202 + 110?
12122020022012
In base 14, what is -114 - -664?
550
In base 12, what is -3 - 5bb7b56?
-5bb7b59
In base 16, what is 11f3a4 + -b?
11f399
In base 10, what is -1597 - -142281?
140684
In base 8, what is 2764 - -210506?
213472
In base 13, what is -44 - -2c6b3?
2c66c
In base 2, what is 1010 + -100100010011110110111000?
-100100010011110110101110
In base 4, what is 12223211121 + -12?
12223211103
In base 7, what is -2253 + 160346?
155063
In base 5, what is 2341 - 3421?
-1030
In base 2, what is 1101100011 - 11101000111?
-1111100100
In base 8, what is 377546 - -36?
377604
In base 8, what is -650107 + 3704?
-644203
In base 14, what is -2696c1b0 + 1?
-2696c1ad
In base 13, what is -87cc + 177?
-8655
In base 6, what is 314 - -3300053?
3300411
In base 16, what is -558c8bc + -6?
-558c8c2
In base 8, what is -2 - -47743?
47741
In base 10, what is 971206 - 99?
971107
In base 6, what is 3 + -53032224?
-53032221
In base 2, what is -1100011011100010100011010 - -1?
-1100011011100010100011001
In base 9, what is 70 - 22631?
-22551
In base 7, what is 2104634320 - -1?
2104634321
In base 5, what is 121023201223 - 4?
121023201214
In base 8, what is 100756 - -1573?
102551
In base 15, what is 2e4 - 1763?
-146e
In base 12, what is 270b7085 + 0?
270b7085
In base 3, what is 1220111 + -121111?
1022000
In base 6, what is -2034510353 - -21?
-2034510332
In base 14, what is 50 + 134dc?
1354c
In base 7, what is 5 - 31126211?
-31126203
In base 9, what is 2 + 42422348?
42422351
In base 4, what is -130030301221 + -12?
-130030301233
In base 10, what is -2616 + 5333?
2717
In base 4, what is 100302231 - 203?
100302022
In base 16, what is -83 - -baae4?
baa61
In base 8, what is -533 - 1576126?
-1576661
In base 6, what is 222 + -3313212?
-3312550
In base 13, what is 1c + -3ab7b6?
-3ab797
In base 11, what is -1a - 6082380?
-608239a
In base 4, what is 122123211 - 120001?
122003210
In base 6, what is 54113505 + -101?
54113404
In base 4, what is 222231312100 - 2?
222231312032
In base 4, what is 1331 + -1112101322?
-1112033331
In base 10, what is -150036 - -17?
-150019
In base 2, what is 11 - -10000111010101111000101000?
10000111010101111000101011
In base 15, what is 6225e - -1?
62260
In base 13, what is -aa - -b10c08?
b10b2b
In base 2, what is 100011001100011111011101 - -1010?
100011001100011111100111
In base 2, what is 1000111001 - -1010011110110010?
1010100111101011
In base 9, what is -487541457 - -2?
-487541455
In base 15, what is -2ba447 + -65?
-2ba4ac
In base 13, what is 850231 - -2?
850233
In base 4, what is -101300 - -10231?
-31003
In base 4, what is 21230 + -320003?
-232113
In base 15, what is -a9202e + 5?
-a92029
In base 2, what is 1010 + -111101010010110101?
-111101010010101011
In base 16, what is c9e2a61 + -5?
c9e2a5c
In base 12, what is 918a - -619?
97a7
In base 13, what is -173 - cba7?
-1004a
In base 9, what is -5665 + -402?
-6167
In base 5, what is 231 + -23021002?
-23020221
In base 9, what is 785182 - 433?
784648
In base 3, what is 11 + 11001210010122?
11001210010210
In base 10, what is 140 + 1082?
1222
In base 11, what is 0 - 48a37?
-48a37
In base 2, what is 101 - 10111110011001000100000?
-10111110011001000011011
In base 2, what is 11011001 + 1110110100011010?
1110110111110011
In base 13, what is 3 - 10c2c1a?
-10c2c17
In base 7, what is 3460463 - 14?
3460446
In base 3, what is -202 + -1220002202011?
-1220002202220
In base 10, what is 114893 + -195?
114698
In base 6, what is -140112 + -103225?
-243341
In base 14, what is 1890a + -b3?
18837
In base 15, what is 1b896 + 19?
1b8b0
In base 9, what is 135104 + 4516?
140621
In base 10, what is 2 - 2941477?
-2941475
In base 14, what is d5814 - 21?
d57d3
In base 5, what is -2 + 43144014?
43144012
In base 8, what is 162255311 + -2?
162255307
In base 11, what is -243 - 18860?
-18aa3
In base 15, what is 0 - 5eb3ee2?
-5eb3ee2
In base 11, what is -1636 - 912?
-2448
In base 15, what is -ee32 + -1bb?
-100ed
In base 5, what is 133212341 - 1?
133212340
In base 12, what is -14 + -11019a?
-1101b2
In base 7, what is -5 + 1145316363?
1145316355
In base 7, what is -35016422 + -26?
-35016451
In base 5, what is 1040101333 - 1?
1040101332
In base 9, what is 632536 + 30?
632566
In base 12, what is -516 + -5553a?
-55a54
In base 13, what is 2858 + -6